 13, 17
Let c = -1 - 8. Let j be (-2)/9 - (-7)/c. Let w(h) = -11*h**3 - 2*h**2 - 2*h - 1. What are the prime factors of w(j)?
2, 5
Let a = -9 + 10. Let k be 49/a*6/6. Suppose -b - 17 = -k. List the prime factors of b.
2
Let l = 10774 + -6328. List the prime factors of l.
2, 3, 13, 19
Suppose -220 = -4*w + 3*z, 0 = -0*w + 4*w - 4*z - 224. Let h(q) = q**3 + 17*q**2 + 4*q + 35. Let k be h(-17). Let x = k + w. What are the prime factors of x?
19
Let m = -41 - -41. What are the prime factors of (-73 + -2)/(-3) - (m - 1)?
2, 13
Suppose -4*m + m = -5*y + 3423, -y = 3*m - 681. What are the prime factors of (y/30)/(2/5)?
3, 19
Suppose 0*w + w = 0. Let g be w + 15/9*3. Suppose -15 = g*c, -l - 2*c + 5 = -13. List the prime factors of l.
2, 3
List the prime factors of 2/(4 - 3964/992).
2, 31
Suppose -5*y = -20, -g + 6 = 4*y - 15. Suppose 0 = -4*r - 8*w + 3*w + 28, 0 = -3*r - 3*w + 18. Suppose 0 = -a - r + g. List the prime factors of a.
3
Let l be 2/4 - (-130)/20. Suppose -l*g = -11*g + 56. Suppose -9*c - 150 = -g*c. What are the prime factors of c?
2, 3, 5
Let z = -18 - -16. Let k(y) = 8*y**2 - 3*y - 5. Let w be k(z). Suppose 12 = -q - 2*q, -5*g + 2*q = -w. What are the prime factors of g?
5
Suppose 15*v - 628 = 11*v. List the prime factors of v.
157
Suppose 10*a = 12*a + 2. Let m = a - 14. What are the prime factors of ((-144)/m + -2)*5?
2, 19
Suppose -15 = 5*f - 5*a, -4*f = 6*a - a - 33. Let b(k) = -3 + k**2 + 8 - f*k**2 + 6 - 12*k. List the prime factors of b(-9).
2, 19
Let a = 75 - 72. Suppose 5*y + a*g - 250 = 112, 5*y = -4*g + 366. List the prime factors of y.
2, 5, 7
Let d(l) = -l**3 + 9*l**2 + 7*l + 14. Let w(g) = -g**3 - 5*g**2 + 7. Let m be w(-5). What are the prime factors of d(m)?
7, 23
Suppose -2*c = 1 + 11. Let p(s) = -s**3 - 7*s**2 - 7*s - 9. Let u be p(c). What are the prime factors of (212/(-4))/(u/3)?
53
Let z be 2/((-4)/(-100) - 0). Let b = 200 + z. What are the prime factors of b?
2, 5
Let o = 906 + -579. What are the prime factors of o?
3, 109
Let c(l) = -12*l - 14. Let g(i) = -62*i**2 - 3*i**3 + 67*i**2 + 4*i + 2*i + 2*i**3 - 6. Let z be g(6). What are the prime factors of c(z)?
2, 29
Suppose 0 = 3*m - 7*m - 5*i + 845, 2*m = -2*i + 424. What are the prime factors of m?
5, 43
Suppose -5*r - 6 = 54. Let b = r - -19. What are the prime factors of (-3*b)/((-3)/2)?
2, 7
Suppose 3*y = 6*y - 9. Suppose 0 = -m - 4*h + 77, 5*m - 328 = -y*h + 2*h. What are the prime factors of m?
5, 13
Let h = -98 + 139. Suppose -4*p = 16, -n + h = -0*n + 3*p. List the prime factors of n.
53
Suppose 3*a - 44 = 2*n, 0 = a - n - 5 - 9. Let j = a - -15. What are the prime factors of j?
31
Suppose -44 = -f + 76. Let b = -84 + f. What are the prime factors of b?
2, 3
Let v be (12/10)/(30/200). Suppose 6*k = v*k - 6. What are the prime factors of (-1)/k + 201/9?
2, 11
Let h(l) = l. Let m be h(4). Suppose 0 = -m*a - 2*p + 512, 5*p - 43 = -a + 103. List the prime factors of a.
2, 3, 7
Let z(p) = -7*p**2 + 10 + 6*p**2 - 9*p**2 + p**3 + 0*p**3 + 9*p. What are the prime factors of z(9)?
2, 5
Let o(h) = h**2 + 10*h + 18. Let x be o(-16). Let n = x - 239. Let w = -84 - n. List the prime factors of w.
41
Suppose 5*q = c - 6*c + 5, -5*c + 5*q + 15 = 0. Suppose -7*l = -c*l - 30. List the prime factors of 24/l - (-3 + -21).
2, 7
Suppose 8*i - 2266 = 6*i. Suppose u + 10*u = i. List the prime factors of u.
103
Suppose 5 - 10 = -y. Suppose d - 70 = y*g, 4*d - 210 = d + 2*g. List the prime factors of d.
2, 5, 7
Let z(v) = -4*v + 20*v**2 + 3*v - 16*v**2. What are the prime factors of z(-4)?
2, 17
Let k(x) = 2*x**2 + 2*x. Let g be k(-2). Suppose -243 = -3*o - g*q - 0*q, -2*o + 142 = -4*q. List the prime factors of o.
7, 11
Suppose 4*v + 2*t = 2604, -2*v - 2*v + 2584 = -3*t. List the prime factors of v.
11, 59
Let w(k) = 123*k**2 - 14*k - 2*k**3 - 136*k**2 + k + 3. List the prime factors of w(-6).
3, 5
Let l = -2601 - -4169. List the prime factors of l.
2, 7
Let o = 33 + 0. List the prime factors of o.
3, 11
Let a(s) = s**3 - 8*s**2 + 9*s + 12. Let u be a(6). What are the prime factors of (0 + 200)*(-5)/24*u?
2, 5
Let c = 198 - 194. List the prime factors of c.
2
Suppose 0 = -9*z + 17 + 19. Let y(t) = 3*t**3 - 4*t**2 + 3*t + 9. What are the prime factors of y(z)?
149
List the prime factors of (-1768865)/(-343) - (-28)/(-686).
3, 191
Let r = 332 - 184. Let l = r - 17. What are the prime factors of l?
131
Let n(d) = -15*d**2 + 11*d + 7. Let f(v) = -23*v**2 + 17*v + 11. Let j(y) = 5*f(y) - 8*n(y). Let i = 45 - 43. What are the prime factors of j(i)?
13
Suppose 4*m + 26 = 10. Let z(t) = 6*t**2 + 10*t + 13. List the prime factors of z(m).
3, 23
Let n = 739 + -208. What are the prime factors of n?
3, 59
Suppose h - 3*y = -2*h - 525, 5*h = -2*y - 854. Let v = -82 - h. What are the prime factors of v?
2, 3, 5
Let c(k) = 2*k**2 + 17*k + 42. Let p be c(-17). Let r = p + -202. List the prime factors of r.
3, 43
Suppose 3*l + 51 = -3*s, 4*s + 61 = s - 5*l. Let o = s - -54. Let g = o + -20. List the prime factors of g.
2, 11
Suppose 0 = -0*c + 3*c + 90. Let x be (c/8)/((-8)/(-32)). What are the prime factors of 6/9 + (-125)/x?
3
List the prime factors of (941/1)/(62 - 61).
941
Let b(v) = 185*v**2 + 17*v + 33. What are the prime factors of b(-2)?
739
Let r(m) = -m. Let u be r(0). Let w = u - -13. What are the prime factors of w?
13
Suppose -4*v = -20, -5*l - 5*v + 69 + 101 = 0. Suppose 0*x = 5*h - 2*x - 145, h - l = -3*x. List the prime factors of h.
29
Suppose 0 = v - 2*n - 74 - 359, -5*n = -2*v + 871. Suppose 6*f = 9*f - v. List the prime factors of f.
3, 47
What are the prime factors of 187200/84 + (-3)/(-7)?
3, 743
Suppose 3*l + 17 - 111 = 5*f, -3*l + 60 = -3*f. Suppose 0 = -2*a + 2*b - 42 - 14, -3*a = -b + 78. Let s = f - a. What are the prime factors of s?
2
Let b(l) = 3*l - 4. Let r be b(3). Suppose 0*n = 4*i - 5*n - 442, -334 = -3*i + r*n. What are the prime factors of i?
2, 3
Suppose 12 = 4*g - g. Suppose u = g + 36. List the prime factors of u.
2, 5
Let n be (-2)/(-3)*(-27)/(-18). What are the prime factors of 1071/17*(n - 0)?
3, 7
Let t = -59 + 53. Let d(q) be the first derivative of -q**3/3 - 9*q**2/2 + 7*q + 2. List the prime factors of d(t).
5
Let l be 1 + 704/(-4) + 2 + -1. What are the prime factors of (-1 - 2/(-6))*l?
2, 29
Let c = 2503 - -4010. What are the prime factors of c?
3, 13, 167
Let g = 5225 + -2673. List the prime factors of g.
2, 11, 29
Let c(q) = 17*q**2 + 16*q + 60. What are the prime factors of c(-5)?
3, 5
Suppose -2*n + 21 = 65. Let m be (n/4)/(10/60). List the prime factors of 11/m*(-129 + 0).
43
Suppose -m - 2*p = -0*m - 13, 5*m - 2*p - 17 = 0. Suppose 0 = -m*s + 6*s + 5*h - 73, -4*h = 12. What are the prime factors of s?
2, 11
Let c(v) = v**3 - 12*v**2 + 11*v + 10. Let t(l) = -3*l - 19. Let z be t(-10). Let g be c(z). List the prime factors of 314/10 - 4/g.
31
Suppose -16 = -6*v + 2*v. Suppose 2*z - v*b = -10, -z + 23 = 5*b - 0*b. List the prime factors of ((-144)/20)/(z/(-15)).
2, 3
Let j = 9 + -7. Let p be (j/(-3))/((-1)/(-6)). What are the prime factors of p + -4 + (-80)/(-2)?
2
Let q = 8 + 33. Let a = 87 - q. What are the prime factors of a?
2, 23
Let w(b) = b**3 - b**2 - 3. Let g be w(-3). What are the prime factors of 36/30*(-1 - g/9)?
2
Let g(o) = o**2 - 13. Let n be g(0). Suppose -80 = -5*z + w - 6*w, 64 = 3*z - w. Let u = z + n. What are the prime factors of u?
7
Suppose -23*y = -6658 - 3876. What are the prime factors of y?
2, 229
Suppose 22*k - 8000 - 10194 = 0. What are the prime factors of k?
827
Let c(i) be the third derivative of i**5/60 - i**4/2 + i**3 - 3*i**2. Let j be c(10). Let b = j + 26. What are the prime factors of b?
2, 3
Let m = 184 - -275. List the prime factors of m.
3, 17
Let g(a) = 3*a**2 - 2*a - 20. Let o be g(-5). Suppose -61*j + o*j = 720. List the prime factors of j.
2, 3, 5
Let o(f) = -f - 6. Let y be o(0). Let n(h) = h**2 + 4*h + 3. Let w be n(y). List the prime factors of (-4)/10 - (-186)/w.
2, 3
What are the prime factors of (0 - 39/(-6))/((-12)/(-72))?
3, 13
Suppose -5 = 5*z + 5*q - 30, 0 = z + 4*q - 11. Suppose 4*y - 2*h = 316, -z*y - 5*h + 3*h = -244. What are the prime factors of y?
2, 5
List the prime factors of (-25 + -1)*432/(-48).
2, 3, 13
Let c(w) = 4*w + 3*w - w + 11 - 2*w. What are the prime factors of c(13)